1146 a factor of 350815812?
True
Does 130 divide 453840530?
True
Does 21 divide 117528555?
False
Is 86993411 a multiple of 334?
False
Does 117 divide 35098713?
True
Does 3916 divide 3365657108?
True
Does 872 divide 12314384?
True
Is 32655013 a multiple of 5?
False
Is 10 a factor of 87273?
False
Does 17 divide 7681620?
True
Is 14 a factor of 279429346?
True
Does 122 divide 646910871?
False
Is 6324 a factor of 633992138?
False
Is 45 a factor of 130204409?
False
Is 29750692 a multiple of 4?
True
Is 15 a factor of 142507123?
False
Is 314380989 a multiple of 172?
False
Is 321 a factor of 384497225?
False
Is 473 a factor of 4679872742?
False
Is 18282692 a multiple of 4?
True
Does 14 divide 25776506?
True
Is 115060638 a multiple of 813?
True
Does 6 divide 51264325?
False
Is 92 a factor of 9504060?
True
Is 6 a factor of 1510825?
False
Does 128 divide 52766844?
False
Does 864 divide 80756515?
False
Does 634 divide 17050796?
True
Is 3818880 a multiple of 624?
True
Is 109 a factor of 20016863?
False
Does 900 divide 46874705?
False
Does 26 divide 18740940?
False
Is 948481089 a multiple of 268?
False
Is 74397899 a multiple of 199?
False
Is 18 a factor of 500718438?
True
Is 5220886008 a multiple of 142?
False
Is 9013 a factor of 2885014282?
False
Is 506886464 a multiple of 1652?
True
Is 35174435 a multiple of 5?
True
Is 292 a factor of 2402198774?
False
Is 115920552 a multiple of 66?
True
Is 1215387280 a multiple of 26?
False
Does 2 divide 196012545?
False
Is 154 a factor of 334597566?
False
Is 73 a factor of 129846491?
False
Does 454 divide 7541604?
False
Does 72 divide 49796554?
False
Does 1993 divide 315263480?
False
Does 17 divide 15556997?
False
Does 895 divide 16234405?
True
Is 138 a factor of 54781855?
False
Is 16592338 a multiple of 31?
False
Is 447 a factor of 540174915?
True
Does 3 divide 39896995?
False
Is 1356929015 a multiple of 109?
False
Does 9 divide 14191136?
False
Is 45969959 a multiple of 97?
False
Is 173991688 a multiple of 39?
False
Is 99136548 a multiple of 1134?
True
Is 73125327 a multiple of 43?
True
Does 95 divide 17935?
False
Is 377945221 a multiple of 69?
False
Does 79 divide 1183613297?
False
Is 12 a factor of 26656284?
True
Is 48046381 a multiple of 1555?
False
Is 6 a factor of 319427419?
False
Does 7 divide 17942591?
False
Is 2624594 a multiple of 3?
False
Is 649708500 a multiple of 12?
True
Is 714512611 a multiple of 7?
False
Is 682 a factor of 101924218?
True
Does 163 divide 44702216?
False
Does 157 divide 132332631?
True
Is 453987330 a multiple of 114?
True
Is 197744017 a multiple of 71?
True
Is 2490 a factor of 22602830?
False
Does 1029 divide 2985060487?
False
Does 115 divide 97132565?
True
Is 82462816 a multiple of 8?
True
Is 791 a factor of 13227626?
False
Is 53428973 a multiple of 54?
False
Is 528600240 a multiple of 882?
True
Is 14 a factor of 12067329?
False
Is 36 a factor of 61990205?
False
Does 15 divide 5911481400?
True
Is 17 a factor of 78760320?
True
Is 282432061 a multiple of 573?
False
Is 31 a factor of 98628207?
False
Does 371 divide 129959816?
True
Is 72328212 a multiple of 76?
True
Is 15089245 a multiple of 14?
False
Does 117 divide 36700065?
False
Does 5 divide 5509835?
True
Does 36 divide 183606546?
False
Does 362 divide 217346248?
True
Does 7299 divide 608995109?
False
Is 1631422 a multiple of 34?
True
Is 224 a factor of 68651029?
False
Does 4835 divide 1918100959?
False
Does 72 divide 754607592?
True
Does 1195 divide 253580738?
False
Does 14 divide 205566174?
False
Is 24617763 a multiple of 645?
False
Is 29749694 a multiple of 45?
False
Does 1157 divide 1217002293?
False
Is 237823077 a multiple of 2010?
False
Is 28 a factor of 894177380?
False
Is 7 a factor of 385736953?
True
Is 14656250 a multiple of 175?
True
Is 21578071 a multiple of 23?
True
Is 262 a factor of 5966894?
False
Does 372 divide 7131612?
True
Does 4691 divide 170236390?
True
Is 86 a factor of 36988206?
False
Is 38504720 a multiple of 71?
True
Is 333000617 a multiple of 358?
False
Is 187 a factor of 209921959?
False
Is 61410800 a multiple of 374?
True
Is 5780966250 a multiple of 75?
True
Does 248 divide 17412080?
True
Is 793 a factor of 483000153?
False
Is 18738258 a multiple of 22?
True
Does 10 divide 4366580?
True
Is 229 a factor of 63875870?
False
Is 4085408 a multiple of 32?
True
Is 744 a factor of 7452648?
True
Is 16234456 a multiple of 136?
True
Does 2597 divide 576692417?
True
Is 96113938 a multiple of 84?
False
Does 90 divide 73688688?
False
Is 1408576620 a multiple of 10?
True
Is 3446677 a multiple of 13?
True
Is 132 a factor of 897161760?
True
Is 12558 a factor of 1114338690?
False
Is 17 a factor of 257813194?
True
Is 16 a factor of 158728096?
True
Does 123 divide 128839403?
False
Is 112135695 a multiple of 413?
True
Does 20 divide 259136732?
False
Does 191 divide 22658574?
False
Is 14508888 a multiple of 86?
True
Is 16 a factor of 108363968?
True
Is 69298385 a multiple of 3?
False
Is 77 a factor of 5041883?
True
Is 51 a factor of 775429831?
False
Does 3527 divide 211222620?
False
Is 330918178 a multiple of 257?
False
Is 13 a factor of 6902987?
True
Is 5030184908 a multiple of 28?
True
Is 7 a factor of 29196694?
False
Is 10891788 a multiple of 62?
True
Is 17 a factor of 185194617?
True
Is 4514057 even?
False
Does 4214 divide 1515862858?
False
Is 460720640 a multiple of 512?
True
Is 60782862 a multiple of 354?
True
Is 46033572 a multiple of 676?
True
Does 2 divide 43743709?
False
Is 14 a factor of 863261789?
False
Is 34 a factor of 502342027?
False
Does 292 divide 91120060?
True
Is 8429 a factor of 5699584627?
False
Does 21 divide 1592324076?
True
Is 38 a factor of 214956556?
False
Does 13 divide 390516456?
False
Is 3112 a factor of 895408164?
False
Does 17 divide 94567702?
True
Is 226 a factor of 191402800?
False
Does 58 divide 935002421?
False
Is 2 a factor of 528083?
False
Does 33 divide 84393870?
True
Is 485 a factor of 1226073765?
False
Is 2490750 a multiple of 50?
True
Is 4 a factor of 9740840?
True
Does 530 divide 1773781784?
False
Does 28 divide 52875386?
False
Is 23 a factor of 9805061?
True
Does 25 divide 9981500?
True
Does 6 divide 25276518?
True
Is 1313 a factor of 21679609?
False
Is 14 a factor of 154735683?
False
Does 27 divide 22936768?
False
Is 16609320 a multiple of 585?
True
Is 17888880 a multiple of 380?
True
Is 974 a factor of 15225873?
False
Does 19 divide 27377746?
True
Is 8 a factor of 166919156?
False
Is 33 a factor of 3403202?
False
Does 28 divide 35834176?
True
Is 1910204967 a multiple of 4280?
False
Is 77058234 a multiple of 41?
False
Does 9 divide 289012932?
True
Is 112216323 a multiple of 100?
False
Is 49918631 a multiple of 1211?
True
Does 3 divide 2069047?
False
Is 1944 a factor of 994709992?
False
Does 865 divide 1963283146?
False
Does 2 divide 925759?
False
Is 7939795 a multiple of 3076?
False
Is 31 a factor of 308216621?
False
Is 4687958 a multiple of 818?
True
Is 30569036 a multiple of 154?
False
Is 23 a factor of 222497151?
False
Does 19 divide 4072216490?
False
Does 53 divide 67758978?
False
Is 104 a factor of 26255840?
True
Is 11678148 a multiple of 105?
False
Is 7475523 a multiple of 100?
False
Does 4 divide 14916886?
False
Is 171 a factor of 437023827?
False
Does 1634 divide 71753842?
True
Is 283 a factor of 21472059?
True
Does 139 divide 593316913?
True
Is 389 a factor of 58009297?
False
Is 806467322 a multiple of 29?
True
Is 120025026 a multiple of 638?
True
Is 50918872 a multiple of 13?
False
Is 29 a factor of 474801021?
True
Does 1499 divide 107275275?
False
Does 460 divide 371076928?
False
Does 53 divide 139867?
True
Does 59 divide 26484909?
False
Does 353 divide 254642198?
True
Does 5 divide 10884670?
True
Is 113242172 a multiple of 936?
False
Is 392 a factor of 1040175920?
True
Is 175 a factor of 2431100?
True
Is 236 a factor of 41575256?
False
Is 20 a factor of 506747417?
False
Is 979566686 a multiple of 263?
False
Is 428165568 a multiple of 576?
True
Is 32 a factor of 165693152?
True
Does 21 divide 37584267?
True
Does 42 divide 40099797?
False
Is 6 a factor of 253359026?
False
Is 3905324253 a multiple of 6717?
True
Is 453486753 a multiple of 67?
True
Does 1155 divide 725611549?
False
Is 2 a factor of 45049917?
False
Is 115421462 a multiple of 80?
False
Is 184103000 a multiple o